ose -8*d + 3 = -541. What are the prime factors of d?
2, 17
Suppose -f = -30 - 10. List the prime factors of f.
2, 5
What are the prime factors of (8/(-20))/(3/(-105))?
2, 7
Suppose -4*y - 165 = -9*y. List the prime factors of y.
3, 11
Let w(v) = 3*v - 4. List the prime factors of w(4).
2
Let g(d) = d**3 - 13*d**2 + 5*d + 11. Let w(j) = j**3 - 13*j**2 + 6*j + 12. Let k(t) = 3*g(t) - 4*w(t). List the prime factors of k(12).
3, 7
Suppose 0 = -3*u - 0*u + 6. What are the prime factors of 165/12 - u/(-8)?
2, 7
Let h be (0 - (-6)/(-3))*1. Let r be -2*-2*(-1)/h. Suppose -r*x - 26 = -z + 2*x, -4*z + 19 = x. List the prime factors of z.
2, 3
Suppose -u + 51 = -0*u - 5*y, 2*u = -2*y + 54. What are the prime factors of u?
31
List the prime factors of -3*32/(-6) + -1.
3, 5
Suppose 5*u - 31 = -4*f, 2*f - 1 = 7. Suppose -u*c + 42 = -27. List the prime factors of c.
23
Let g(q) = -2*q**2 - 2*q + 3. Let u be g(3). Let l be (-2 + 5)/((-3)/(-8)). List the prime factors of u/(-14)*l/6.
2
Suppose -39*y + 44*y - 60 = 0. List the prime factors of y.
2, 3
Suppose 5*f + 77 = 3*q, 2*f - 27 = -q + 4*f. What are the prime factors of q?
19
Let u = 13 - 6. Suppose -2*d + 5 = 3*o - 0*d, 0 = 3*o + 3*d - 9. Let l = u + o. What are the prime factors of l?
2, 3
Suppose -2*u + 22 + 36 = 0. Suppose 4*f = -f + 3*p + 85, 0 = -f + 5*p + 39. Let g = u - f. List the prime factors of g.
3, 5
Suppose -j = -5*a + j + 282, -3*j + 277 = 5*a. List the prime factors of a.
2, 7
Suppose 0 = -3*g - 12, g + 8 = -4*b - 8. Let x be (-13)/(b/3) - -2. Suppose 2*h - x = -3*h. List the prime factors of h.
3
Let s = -7 - -2. Let f(j) = j**3 + 5*j**2 - j - 5. Let m be f(s). Suppose 2*h - 10 = -2*q + 4*h, -5*q + 2*h + 25 = m. List the prime factors of q.
5
Let h(y) = 3*y**3 - y. Let k(c) = -c**2 - c + 1. Let g be k(-2). Let r be h(g). List the prime factors of -1*(0 - -1)*r.
2
Let x(j) = -3*j**3 + 4*j + 1. Let s be x(-3). Suppose 7*q = 2*q + s. List the prime factors of q.
2, 7
Let r be 9/18*(-792)/(-2). List the prime factors of (-3)/(-12) - r/(-8).
5
Suppose 5*w = 3*w - 14. Let g = w + 12. Suppose -26 = -g*a - 1. What are the prime factors of a?
5
Let b(m) = m**2 + 2*m - 3. Let f be b(-4). Let c = 21 + f. What are the prime factors of c?
2, 13
Let a(n) = 2*n**2 - 3*n - 4. Let u be a(3). Suppose g + 4 = 0, 0 = -u*t + 3*g + 4 + 128. Let f = 34 - t. List the prime factors of f.
2, 5
Let p(c) = -c**3 - c**2 + c + 14. Let r be p(0). What are the prime factors of 4/6*567/r?
3
List the prime factors of 10/25*-1 + (-497)/(-5).
3, 11
Let r(i) = -i + 5. Let a be (-98)/21 + 1/(-3). List the prime factors of r(a).
2, 5
Let i = 446 - 266. What are the prime factors of i?
2, 3, 5
Let d(n) = 16*n - 5. Let p be d(2). What are the prime factors of p/(-12)*-1*20?
3, 5
Let d = -94 - -131. What are the prime factors of d?
37
Let j be -1*(-20 - (1 - 0)). Suppose -j = -3*k - 0*k. Suppose -11 = -3*f - c, -f + 0*c - k = -5*c. List the prime factors of f.
3
Let g(l) = -l. Suppose y - 21 = 4*y. Let h be g(y). Let w(f) = -f**2 + 9*f - 1. List the prime factors of w(h).
13
Suppose 2*j - 5*w - 25 = -4*w, w = -3. Let r(i) = -i**3 + 10*i**2 + 13*i + 5. List the prime factors of r(j).
3
Let o = 0 - -3. Suppose 40 = o*p + 2*p. What are the prime factors of p?
2
Let p = 7 + -4. What are the prime factors of p/15 - 179/(-5)?
2, 3
Let w = -22 - -66. List the prime factors of w.
2, 11
Let o be (-2)/4*2 + 5. Suppose 29 = 3*r - o*w, 2*r + 2*w - w = 1. Suppose 0 = r*k + k - 24. List the prime factors of k.
2, 3
Suppose -g + 4*t - 65 = 0, 2*g - 2*t = 2*t - 138. Let s = -35 - g. Suppose 5*m - 2 = s. What are the prime factors of m?
2
Let n = -30 - -51. Suppose -1 - 4 = y. Let q = y + n. List the prime factors of q.
2
Suppose 0*q - 138 = -3*q. List the prime factors of q.
2, 23
Let c(o) = -14*o - 7 - o**3 - 4*o**2 + 14*o. List the prime factors of c(-5).
2, 3
Let w = -7 + 56. What are the prime factors of w?
7
Suppose -4*d + 108 = 2*d. What are the prime factors of d?
2, 3
Let u = -10 + 15. Suppose 94 = -0*q + 2*q + 2*s, 4*q - 188 = -u*s. List the prime factors of q.
47
Let n = 18 + 42. List the prime factors of n.
2, 3, 5
Let v be 11 - (2 - 2 - -2). Suppose 25 = 5*z, 3*x = 3*z + 9 + v. What are the prime factors of x/4 + 3/12?
3
List the prime factors of -2*3*(-28)/12.
2, 7
Let g be (12/18)/((-2)/(-3)). Let b be (-4 - -17)/(2 - g). Suppose 2*u + b = 37. List the prime factors of u.
2, 3
Let a(q) be the first derivative of -q**4/4 + 2*q**3/3 + q**2/2 - 2*q + 1. Let y = -6 + 4. List the prime factors of a(y).
2, 3
Let i(t) = 22*t + 4. List the prime factors of i(2).
2, 3
Suppose 2*v + 79 - 25 = 0. Let r be (v/(-3))/3 - -2. Suppose r = -4*k + 37. List the prime factors of k.
2
Let g(n) = n**2 + 1. Let f(j) = 7*j**2 - 10*j - 2. Let p(u) = f(u) - 5*g(u). Let x(y) = -y**2 - 1. Let r(s) = -p(s) - 3*x(s). List the prime factors of r(-10).
2, 5
Suppose 4*q - 3*q = 5. Suppose -m + 6*m = -q. List the prime factors of -10*(0 + m/2).
5
Suppose 0 = -0*u - u + 220. List the prime factors of u/16 - (-1)/4.
2, 7
Suppose 15 + 5 = 5*j. Suppose j = -2*r - c + 15, -5*r - 5*c = -40. List the prime factors of (-42)/(-4)*4/r.
2, 7
Suppose 5*l - 4*l = 22. Let g = 31 + -19. Let y = l - g. List the prime factors of y.
2, 5
Let k = -19 - -27. List the prime factors of 6/15 + k/5.
2
List the prime factors of 17 + -2 + 4 + -2.
17
Let t be -11*(-64)/(1 - -3). Suppose 16 + t = 4*u. List the prime factors of u.
2, 3
Let g(b) = -b**3 - 4*b**2 - b - 2. Let i be g(-3). List the prime factors of 2/i - (-146)/8.
2, 3
Let d = -30 + 71. Suppose 0 = -2*k + d + 5. List the prime factors of k.
23
Let i(o) = 5*o**3 + o. Let x be i(-1). Let z = x - -10. List the prime factors of 2/(16/6)*z.
3
Suppose -3*b - 6*c + 186 = -2*c, 3*b + 3*c = 186. List the prime factors of b.
2, 31
Let j = -12 - -7. What are the prime factors of 22 - (j + 1) - 3?
23
Suppose -2*i - 130 = -4*c, i = -c + 6*i + 10. What are the prime factors of c?
5, 7
Suppose 3*a + 127 = -74. Let g = 96 + a. What are the prime factors of g?
29
List the prime factors of ((-1464)/(-16))/((-6)/(-4)).
61
Let f be 2 - (-1 - 4) - 0. Suppose 2*h - 1 = f. List the prime factors of (6/h)/((-2)/(-12)).
3
Let a = -3 + 5. Let b(w) = -4 + 2*w**3 + 2 - 823*w**2 + 824*w**2. What are the prime factors of b(a)?
2, 3
Suppose -i + b + 19 = 0, -i - 4*b = -b - 15. Suppose -2*y + 3*y + 3*p - i = 0, -3*y = -4*p - 2. List the prime factors of y/(-2) + (-48)/(-3).
13
Let q(i) = -i**2 + 14*i + 15. What are the prime factors of q(14)?
3, 5
What are the prime factors of 221 - (-4 - -4)*3/(-6)?
13, 17
Suppose -2*m - 3*w + 184 = 3, -264 = -3*m - 2*w. List the prime factors of m.
2, 43
What are the prime factors of ((-93)/9 - -2)*-27?
3, 5
Let n be 0 - (4 + 0/2). Let u(x) = 2*x**2 + 5*x - 4. Let m be u(n). Let z = -1 + m. What are the prime factors of z?
7
Let o(m) be the second derivative of m**5/20 - m**4/2 - m**3 + 3*m**2 - m. Suppose -k = -5*k + 28. List the prime factors of o(k).
13
Let g be (14/(-8))/((-1)/4). Suppose 2*d = g*d - 30. What are the prime factors of d?
2, 3
Let t be (-54)/(-7) + (-16)/(-56). Suppose -4*n + t + 4 = 0. What are the prime factors of n?
3
Let m = -12 + 11. What are the prime factors of (-2)/(m*4/28)?
2, 7
Suppose 4*g + w - 15 = 0, -4*g - g + 4*w + 24 = 0. Suppose g*l - 28 = 44. List the prime factors of l.
2, 3
Suppose -2*u - 21 = -4*g - 73, 4*g - 68 = -2*u. List the prime factors of u.
2, 3, 5
Let o(y) = -y**2 - 11*y - 10. Suppose -6 = -2*x + 6. Let f be -2*3*x/4. What are the prime factors of o(f)?
2
Suppose -5*m + 20 = 0, -k - 2*k = -5*m + 32. Let x = k - -6. Let v = 6 + x. List the prime factors of v.
2
Let v(x) = x**2 - x + 40. Let m = -10 + 10. List the prime factors of v(m).
2, 5
Let r(n) = -2*n + 2. Let f(c) = -c**3 - 6*c**2 - c - 9. Let o be f(-6). List the prime factors of r(o).
2
Let f(l) = -2*l + 8. Suppose 3*q - 4*q = 7. List the prime factors of f(q).
2, 11
Let z(n) = n**3 + 2. Let f be z(2). Suppose 0*m - 2*m = -4*q + 20, 0 = 4*m - q + 26. List the prime factors of m*(1 + f/(-6)).
2
Let b(x) = 20*x**3 - x**2 + 2*x - 1. Let h be 1/1*(-4 + 5). List the prime factors of b(h).
2, 5
Let u = -1 - 1. Let d be u/(-1) - 0 - -3. Suppose 0 = -5*b + 2*h - h + 25, b + 3*h - d = 0. List the prime factors of b.
5
Suppose